{"id":28038,"date":"2022-06-24T21:41:04","date_gmt":"2022-06-24T19:41:04","guid":{"rendered":"https:\/\/voyagedelabaleine.fr\/note-legali\/"},"modified":"2026-01-12T09:32:23","modified_gmt":"2026-01-12T08:32:23","slug":"note-legali","status":"publish","type":"page","link":"https:\/\/voyagedelabaleine.fr\/it\/note-legali\/","title":{"rendered":"Note legali"},"content":{"rendered":"\t\t<div data-elementor-type=\"wp-page\" data-elementor-id=\"28038\" class=\"elementor elementor-28038 elementor-316\">\n\t\t\t\t<div class=\"elementor-element elementor-element-f43f9f2 e-flex e-con-boxed e-con e-parent\" data-id=\"f43f9f2\" data-element_type=\"container\" data-e-type=\"container\">\n\t\t\t\t\t<div class=\"e-con-inner\">\n\t\t\t\t<div class=\"elementor-element elementor-element-ee8d703 elementor-widget elementor-widget-text-editor\" data-id=\"ee8d703\" data-element_type=\"widget\" data-e-type=\"widget\" data-widget_type=\"text-editor.default\">\n\t\t\t\t\t\t\t\t\t<p><span style=\"font-family: Barlow; font-size: 16px; letter-spacing: 0.3pt; text-align: justify;\">In conformit\u00e0 alle disposizioni della legge n. 2004-575 del 21 giugno 2004 per la fiducia nell\u2019economia digitale, agli utenti del sito VOYAGE DE LA BALEINE vengono fornite le informazioni sull\u2019identit\u00e0 dei diversi soggetti coinvolti nella realizzazione e nella gestione del sito.<\/span><\/p>\n<p><strong>Editore del sito web<\/strong><\/p>\n<p>BIDAIA SAS \u2013 VOYAGE DE LA BALEINE<br>Capitale sociale di 3.000 \u20ac<br>Con sede legale in 4 chemin d\u2019Urtegui, 64500 Saint-Jean-de-Luz<br>Iscritta al Registro delle Imprese di Bayonne con il numero 985 249 788<br>Partita IVA: FR05985249788<br>E-mail: contact@voyagedelabaleine.fr<span style=\"font-size: 16px; text-align: var(--text-align); letter-spacing: 0.4px;\"><br><\/span><\/p>\n<p>Direttore della pubblicazione: Signora Flore Vichot<\/p>\n<p><strong>Provider del sito web<\/strong><\/p>\n<p>Il sito VOYAGE DE LA BALEINE \u00e8 ospitato da WORDPRESS.COM, societ\u00e0 del Gruppo AUTOMATTIC Inc., con sede legale al seguente indirizzo:<br>60 29th Street #343<br>San Francisco, CA 94110<br>Stati Uniti d\u2019America<\/p>\n<p><\/p>\t\t\t\t\t\t\t\t<\/div>\n\t\t\t\t\t<\/div>\n\t\t\t\t<\/div>\n\t\t\t\t<\/div>\n\t\t","protected":false},"excerpt":{"rendered":"<p>In conformit\u00e0 alle disposizioni della legge n. 2004-575 del 21 giugno 2004 per la fiducia nell\u2019economia digitale, agli utenti del sito VOYAGE DE LA BALEINE vengono fornite le informazioni sull\u2019identit\u00e0 dei diversi soggetti coinvolti nella realizzazione e nella gestione del sito. Editore del sito web BIDAIA SAS \u2013 VOYAGE DE LA BALEINECapitale sociale di 3.000 [&hellip;]<\/p>\n","protected":false},"author":222595022,"featured_media":0,"parent":0,"menu_order":0,"comment_status":"closed","ping_status":"closed","template":"","meta":{"ocean_post_layout":"","ocean_both_sidebars_style":"","ocean_both_sidebars_content_width":0,"ocean_both_sidebars_sidebars_width":0,"ocean_sidebar":"","ocean_second_sidebar":"","ocean_disable_margins":"enable","ocean_add_body_class":"","ocean_shortcode_before_top_bar":"","ocean_shortcode_after_top_bar":"","ocean_shortcode_before_header":"","ocean_shortcode_after_header":"","ocean_has_shortcode":"","ocean_shortcode_after_title":"","ocean_shortcode_before_footer_widgets":"","ocean_shortcode_after_footer_widgets":"","ocean_shortcode_before_footer_bottom":"","ocean_shortcode_after_footer_bottom":"","ocean_display_top_bar":"default","ocean_display_header":"default","ocean_header_style":"","ocean_center_header_left_menu":"","ocean_custom_header_template":"","ocean_custom_logo":0,"ocean_custom_retina_logo":0,"ocean_custom_logo_max_width":0,"ocean_custom_logo_tablet_max_width":0,"ocean_custom_logo_mobile_max_width":0,"ocean_custom_logo_max_height":0,"ocean_custom_logo_tablet_max_height":0,"ocean_custom_logo_mobile_max_height":0,"ocean_header_custom_menu":"","ocean_menu_typo_font_family":"","ocean_menu_typo_font_subset":"","ocean_menu_typo_font_size":0,"ocean_menu_typo_font_size_tablet":0,"ocean_menu_typo_font_size_mobile":0,"ocean_menu_typo_font_size_unit":"px","ocean_menu_typo_font_weight":"","ocean_menu_typo_font_weight_tablet":"","ocean_menu_typo_font_weight_mobile":"","ocean_menu_typo_transform":"","ocean_menu_typo_transform_tablet":"","ocean_menu_typo_transform_mobile":"","ocean_menu_typo_line_height":0,"ocean_menu_typo_line_height_tablet":0,"ocean_menu_typo_line_height_mobile":0,"ocean_menu_typo_line_height_unit":"","ocean_menu_typo_spacing":0,"ocean_menu_typo_spacing_tablet":0,"ocean_menu_typo_spacing_mobile":0,"ocean_menu_typo_spacing_unit":"","ocean_menu_link_color":"","ocean_menu_link_color_hover":"","ocean_menu_link_color_active":"","ocean_menu_link_background":"","ocean_menu_link_hover_background":"","ocean_menu_link_active_background":"","ocean_menu_social_links_bg":"","ocean_menu_social_hover_links_bg":"","ocean_menu_social_links_color":"","ocean_menu_social_hover_links_color":"","ocean_disable_title":"default","ocean_disable_heading":"default","ocean_post_title":"","ocean_post_subheading":"","ocean_post_title_style":"","ocean_post_title_background_color":"","ocean_post_title_background":0,"ocean_post_title_bg_image_position":"","ocean_post_title_bg_image_attachment":"","ocean_post_title_bg_image_repeat":"","ocean_post_title_bg_image_size":"","ocean_post_title_height":0,"ocean_post_title_bg_overlay":0.5,"ocean_post_title_bg_overlay_color":"","ocean_disable_breadcrumbs":"default","ocean_breadcrumbs_color":"","ocean_breadcrumbs_separator_color":"","ocean_breadcrumbs_links_color":"","ocean_breadcrumbs_links_hover_color":"","ocean_display_footer_widgets":"default","ocean_display_footer_bottom":"default","ocean_custom_footer_template":"","osh_disable_topbar_sticky":"default","osh_disable_header_sticky":"default","osh_sticky_header_style":"default","osh_sticky_header_effect":"","osh_custom_sticky_logo":0,"osh_custom_retina_sticky_logo":0,"osh_custom_sticky_logo_height":0,"osh_background_color":"","osh_links_color":"","osh_links_hover_color":"","osh_links_active_color":"","osh_links_bg_color":"","osh_links_hover_bg_color":"","osh_links_active_bg_color":"","osh_menu_social_links_color":"","osh_menu_social_hover_links_color":"","footnotes":""},"class_list":["post-28038","page","type-page","status-publish","hentry","entry","owp-thumbs-layout-vertical","owp-btn-big","owp-tabs-layout-vertical","has-no-thumbnails","circle-sale"],"yoast_head":"<!-- This site is optimized with the Yoast SEO plugin v27.1.1 - https:\/\/yoast.com\/product\/yoast-seo-wordpress\/ -->\n<title>Note legali - Voyage de la Baleine<\/title>\n<meta name=\"robots\" content=\"noindex, nofollow\" \/>\n<meta property=\"og:locale\" content=\"it_IT\" \/>\n<meta property=\"og:type\" content=\"article\" \/>\n<meta property=\"og:title\" content=\"Note legali - Voyage de la Baleine\" \/>\n<meta property=\"og:description\" content=\"In conformit\u00e0 alle disposizioni della legge n. 2004-575 del 21 giugno 2004 per la fiducia nell\u2019economia digitale, agli utenti del sito VOYAGE DE LA BALEINE vengono fornite le informazioni sull\u2019identit\u00e0 dei diversi soggetti coinvolti nella realizzazione e nella gestione del sito. Editore del sito web BIDAIA SAS \u2013 VOYAGE DE LA BALEINECapitale sociale di 3.000 [&hellip;]\" \/>\n<meta property=\"og:url\" content=\"https:\/\/voyagedelabaleine.fr\/it\/note-legali\/\" \/>\n<meta property=\"og:site_name\" content=\"Voyage de la Baleine\" \/>\n<meta property=\"article:publisher\" content=\"https:\/\/www.facebook.com\/voyagedelabaleine\/\" \/>\n<meta property=\"article:modified_time\" content=\"2026-01-12T08:32:23+00:00\" \/>\n<meta name=\"twitter:card\" content=\"summary_large_image\" \/>\n<meta name=\"twitter:label1\" content=\"Tempo di lettura stimato\" \/>\n\t<meta name=\"twitter:data1\" content=\"1 minuto\" \/>\n<script type=\"application\/ld+json\" class=\"yoast-schema-graph\">{\"@context\":\"https:\/\/schema.org\",\"@graph\":[{\"@type\":\"WebPage\",\"@id\":\"https:\/\/voyagedelabaleine.fr\/it\/note-legali\/\",\"url\":\"https:\/\/voyagedelabaleine.fr\/it\/note-legali\/\",\"name\":\"Note legali - Voyage de la Baleine\",\"isPartOf\":{\"@id\":\"https:\/\/voyagedelabaleine.fr\/it\/#website\"},\"datePublished\":\"2022-06-24T19:41:04+00:00\",\"dateModified\":\"2026-01-12T08:32:23+00:00\",\"breadcrumb\":{\"@id\":\"https:\/\/voyagedelabaleine.fr\/it\/note-legali\/#breadcrumb\"},\"inLanguage\":\"it-IT\",\"potentialAction\":[{\"@type\":\"ReadAction\",\"target\":[\"https:\/\/voyagedelabaleine.fr\/it\/note-legali\/\"]}]},{\"@type\":\"BreadcrumbList\",\"@id\":\"https:\/\/voyagedelabaleine.fr\/it\/note-legali\/#breadcrumb\",\"itemListElement\":[{\"@type\":\"ListItem\",\"position\":1,\"name\":\"Accueil\",\"item\":\"https:\/\/voyagedelabaleine.fr\/it\/homepage\/\"},{\"@type\":\"ListItem\",\"position\":2,\"name\":\"Note legali\"}]},{\"@type\":\"WebSite\",\"@id\":\"https:\/\/voyagedelabaleine.fr\/it\/#website\",\"url\":\"https:\/\/voyagedelabaleine.fr\/it\/\",\"name\":\"Voyage de la Baleine\",\"description\":\"V\u00eatements intemporels et raffin\u00e9s pour b\u00e9b\u00e9s et enfants\",\"publisher\":{\"@id\":\"https:\/\/voyagedelabaleine.fr\/it\/#organization\"},\"potentialAction\":[{\"@type\":\"SearchAction\",\"target\":{\"@type\":\"EntryPoint\",\"urlTemplate\":\"https:\/\/voyagedelabaleine.fr\/it\/?s={search_term_string}\"},\"query-input\":{\"@type\":\"PropertyValueSpecification\",\"valueRequired\":true,\"valueName\":\"search_term_string\"}}],\"inLanguage\":\"it-IT\"},{\"@type\":\"Organization\",\"@id\":\"https:\/\/voyagedelabaleine.fr\/it\/#organization\",\"name\":\"Voyage de la Baleine\",\"url\":\"https:\/\/voyagedelabaleine.fr\/it\/\",\"logo\":{\"@type\":\"ImageObject\",\"inLanguage\":\"it-IT\",\"@id\":\"https:\/\/voyagedelabaleine.fr\/it\/#\/schema\/logo\/image\/\",\"url\":\"https:\/\/voyagedelabaleine.fr\/wp-content\/uploads\/2025\/06\/logo.webp\",\"contentUrl\":\"https:\/\/voyagedelabaleine.fr\/wp-content\/uploads\/2025\/06\/logo.webp\",\"width\":153,\"height\":64,\"caption\":\"Voyage de la Baleine\"},\"image\":{\"@id\":\"https:\/\/voyagedelabaleine.fr\/it\/#\/schema\/logo\/image\/\"},\"sameAs\":[\"https:\/\/www.facebook.com\/voyagedelabaleine\/\",\"https:\/\/www.instagram.com\/voyagedelabaleine\/\",\"https:\/\/www.pinterest.fr\/Voyagedelabaleine\/\"]}]}<\/script>\n<!-- \/ Yoast SEO plugin. -->","yoast_head_json":{"title":"Note legali - Voyage de la Baleine","robots":{"index":"noindex","follow":"nofollow"},"og_locale":"it_IT","og_type":"article","og_title":"Note legali - Voyage de la Baleine","og_description":"In conformit\u00e0 alle disposizioni della legge n. 2004-575 del 21 giugno 2004 per la fiducia nell\u2019economia digitale, agli utenti del sito VOYAGE DE LA BALEINE vengono fornite le informazioni sull\u2019identit\u00e0 dei diversi soggetti coinvolti nella realizzazione e nella gestione del sito. Editore del sito web BIDAIA SAS \u2013 VOYAGE DE LA BALEINECapitale sociale di 3.000 [&hellip;]","og_url":"https:\/\/voyagedelabaleine.fr\/it\/note-legali\/","og_site_name":"Voyage de la Baleine","article_publisher":"https:\/\/www.facebook.com\/voyagedelabaleine\/","article_modified_time":"2026-01-12T08:32:23+00:00","twitter_card":"summary_large_image","twitter_misc":{"Tempo di lettura stimato":"1 minuto"},"schema":{"@context":"https:\/\/schema.org","@graph":[{"@type":"WebPage","@id":"https:\/\/voyagedelabaleine.fr\/it\/note-legali\/","url":"https:\/\/voyagedelabaleine.fr\/it\/note-legali\/","name":"Note legali - Voyage de la Baleine","isPartOf":{"@id":"https:\/\/voyagedelabaleine.fr\/it\/#website"},"datePublished":"2022-06-24T19:41:04+00:00","dateModified":"2026-01-12T08:32:23+00:00","breadcrumb":{"@id":"https:\/\/voyagedelabaleine.fr\/it\/note-legali\/#breadcrumb"},"inLanguage":"it-IT","potentialAction":[{"@type":"ReadAction","target":["https:\/\/voyagedelabaleine.fr\/it\/note-legali\/"]}]},{"@type":"BreadcrumbList","@id":"https:\/\/voyagedelabaleine.fr\/it\/note-legali\/#breadcrumb","itemListElement":[{"@type":"ListItem","position":1,"name":"Accueil","item":"https:\/\/voyagedelabaleine.fr\/it\/homepage\/"},{"@type":"ListItem","position":2,"name":"Note legali"}]},{"@type":"WebSite","@id":"https:\/\/voyagedelabaleine.fr\/it\/#website","url":"https:\/\/voyagedelabaleine.fr\/it\/","name":"Voyage de la Baleine","description":"V\u00eatements intemporels et raffin\u00e9s pour b\u00e9b\u00e9s et enfants","publisher":{"@id":"https:\/\/voyagedelabaleine.fr\/it\/#organization"},"potentialAction":[{"@type":"SearchAction","target":{"@type":"EntryPoint","urlTemplate":"https:\/\/voyagedelabaleine.fr\/it\/?s={search_term_string}"},"query-input":{"@type":"PropertyValueSpecification","valueRequired":true,"valueName":"search_term_string"}}],"inLanguage":"it-IT"},{"@type":"Organization","@id":"https:\/\/voyagedelabaleine.fr\/it\/#organization","name":"Voyage de la Baleine","url":"https:\/\/voyagedelabaleine.fr\/it\/","logo":{"@type":"ImageObject","inLanguage":"it-IT","@id":"https:\/\/voyagedelabaleine.fr\/it\/#\/schema\/logo\/image\/","url":"https:\/\/voyagedelabaleine.fr\/wp-content\/uploads\/2025\/06\/logo.webp","contentUrl":"https:\/\/voyagedelabaleine.fr\/wp-content\/uploads\/2025\/06\/logo.webp","width":153,"height":64,"caption":"Voyage de la Baleine"},"image":{"@id":"https:\/\/voyagedelabaleine.fr\/it\/#\/schema\/logo\/image\/"},"sameAs":["https:\/\/www.facebook.com\/voyagedelabaleine\/","https:\/\/www.instagram.com\/voyagedelabaleine\/","https:\/\/www.pinterest.fr\/Voyagedelabaleine\/"]}]}},"_links":{"self":[{"href":"https:\/\/voyagedelabaleine.fr\/it\/wp-json\/wp\/v2\/pages\/28038","targetHints":{"allow":["GET"]}}],"collection":[{"href":"https:\/\/voyagedelabaleine.fr\/it\/wp-json\/wp\/v2\/pages"}],"about":[{"href":"https:\/\/voyagedelabaleine.fr\/it\/wp-json\/wp\/v2\/types\/page"}],"author":[{"embeddable":true,"href":"https:\/\/voyagedelabaleine.fr\/it\/wp-json\/wp\/v2\/users\/222595022"}],"replies":[{"embeddable":true,"href":"https:\/\/voyagedelabaleine.fr\/it\/wp-json\/wp\/v2\/comments?post=28038"}],"version-history":[{"count":1,"href":"https:\/\/voyagedelabaleine.fr\/it\/wp-json\/wp\/v2\/pages\/28038\/revisions"}],"predecessor-version":[{"id":28039,"href":"https:\/\/voyagedelabaleine.fr\/it\/wp-json\/wp\/v2\/pages\/28038\/revisions\/28039"}],"wp:attachment":[{"href":"https:\/\/voyagedelabaleine.fr\/it\/wp-json\/wp\/v2\/media?parent=28038"}],"curies":[{"name":"wp","href":"https:\/\/api.w.org\/{rel}","templated":true}]}}

<div data-elementor-type="wp-page" data-elementor-id="28038" class="elementor elementor-28038 elementor-316">
				<div class="elementor-element elementor-element-f43f9f2 e-flex e-con-boxed e-con e-parent" data-id="f43f9f2" data-element_type="container" data-e-type="container">
					<div class="e-con-inner">
				<div class="elementor-element elementor-element-ee8d703 elementor-widget elementor-widget-text-editor" data-id="ee8d703" data-element_type="widget" data-e-type="widget" data-widget_type="text-editor.default">
									<p><span style="font-family: Barlow; font-size: 16px; letter-spacing: 0.3pt; text-align: justify;">In conformità alle disposizioni della legge n. 2004-575 del 21 giugno 2004 per la fiducia nell’economia digitale, agli utenti del sito VOYAGE DE LA BALEINE vengono fornite le informazioni sull’identità dei diversi soggetti coinvolti nella realizzazione e nella gestione del sito.</span></p>
<p><strong>Editore del sito web</strong></p>
<p>BIDAIA SAS – VOYAGE DE LA BALEINE<br>Capitale sociale di 3.000 €<br>Con sede legale in 4 chemin d’Urtegui, 64500 Saint-Jean-de-Luz<br>Iscritta al Registro delle Imprese di Bayonne con il numero 985 249 788<br>Partita IVA: FR05985249788<br>E-mail: contact@voyagedelabaleine.fr<span style="font-size: 16px; text-align: var(--text-align); letter-spacing: 0.4px;"><br></span></p>
<p>Direttore della pubblicazione: Signora Flore Vichot</p>
<p><strong>Provider del sito web</strong></p>
<p>Il sito VOYAGE DE LA BALEINE è ospitato da WORDPRESS.COM, società del Gruppo AUTOMATTIC Inc., con sede legale al seguente indirizzo:<br>60 29th Street #343<br>San Francisco, CA 94110<br>Stati Uniti d’America</p>
<p></p>								</div>
					</div>
				</div>
				</div>

<p>In conformità alle disposizioni della legge n. 2004-575 del 21 giugno 2004 per la fiducia nell’economia digitale, agli utenti del sito VOYAGE DE LA BALEINE vengono fornite le informazioni sull’identità dei diversi soggetti coinvolti nella realizzazione e nella gestione del sito. Editore del sito web BIDAIA SAS – VOYAGE DE LA BALEINECapitale sociale di 3.000 [&hellip;]</p>

<!-- This site is optimized with the Yoast SEO plugin v27.1.1 - https://yoast.com/product/yoast-seo-wordpress/ -->
<title>Note legali - Voyage de la Baleine</title>
<meta name="robots" content="noindex, nofollow" />
<meta property="og:locale" content="it_IT" />
<meta property="og:type" content="article" />
<meta property="og:title" content="Note legali - Voyage de la Baleine" />
<meta property="og:description" content="In conformità alle disposizioni della legge n. 2004-575 del 21 giugno 2004 per la fiducia nell’economia digitale, agli utenti del sito VOYAGE DE LA BALEINE vengono fornite le informazioni sull’identità dei diversi soggetti coinvolti nella realizzazione e nella gestione del sito. Editore del sito web BIDAIA SAS – VOYAGE DE LA BALEINECapitale sociale di 3.000 [&hellip;]" />
<meta property="og:url" content="https://voyagedelabaleine.fr/it/note-legali/" />
<meta property="og:site_name" content="Voyage de la Baleine" />
<meta property="article:publisher" content="https://www.facebook.com/voyagedelabaleine/" />
<meta property="article:modified_time" content="2026-01-12T08:32:23+00:00" />
<meta name="twitter:card" content="summary_large_image" />
<meta name="twitter:label1" content="Tempo di lettura stimato" />
	<meta name="twitter:data1" content="1 minuto" />
<script type="application/ld+json" class="yoast-schema-graph">{"@context":"https://schema.org","@graph":[{"@type":"WebPage","@id":"https://voyagedelabaleine.fr/it/note-legali/","url":"https://voyagedelabaleine.fr/it/note-legali/","name":"Note legali - Voyage de la Baleine","isPartOf":{"@id":"https://voyagedelabaleine.fr/it/#website"},"datePublished":"2022-06-24T19:41:04+00:00","dateModified":"2026-01-12T08:32:23+00:00","breadcrumb":{"@id":"https://voyagedelabaleine.fr/it/note-legali/#breadcrumb"},"inLanguage":"it-IT","potentialAction":[{"@type":"ReadAction","target":["https://voyagedelabaleine.fr/it/note-legali/"]}]},{"@type":"BreadcrumbList","@id":"https://voyagedelabaleine.fr/it/note-legali/#breadcrumb","itemListElement":[{"@type":"ListItem","position":1,"name":"Accueil","item":"https://voyagedelabaleine.fr/it/homepage/"},{"@type":"ListItem","position":2,"name":"Note legali"}]},{"@type":"WebSite","@id":"https://voyagedelabaleine.fr/it/#website","url":"https://voyagedelabaleine.fr/it/","name":"Voyage de la Baleine","description":"Vêtements intemporels et raffinés pour bébés et enfants","publisher":{"@id":"https://voyagedelabaleine.fr/it/#organization"},"potentialAction":[{"@type":"SearchAction","target":{"@type":"EntryPoint","urlTemplate":"https://voyagedelabaleine.fr/it/?s={search_term_string}"},"query-input":{"@type":"PropertyValueSpecification","valueRequired":true,"valueName":"search_term_string"}}],"inLanguage":"it-IT"},{"@type":"Organization","@id":"https://voyagedelabaleine.fr/it/#organization","name":"Voyage de la Baleine","url":"https://voyagedelabaleine.fr/it/","logo":{"@type":"ImageObject","inLanguage":"it-IT","@id":"https://voyagedelabaleine.fr/it/#/schema/logo/image/","url":"https://voyagedelabaleine.fr/wp-content/uploads/2025/06/logo.webp","contentUrl":"https://voyagedelabaleine.fr/wp-content/uploads/2025/06/logo.webp","width":153,"height":64,"caption":"Voyage de la Baleine"},"image":{"@id":"https://voyagedelabaleine.fr/it/#/schema/logo/image/"},"sameAs":["https://www.facebook.com/voyagedelabaleine/","https://www.instagram.com/voyagedelabaleine/","https://www.pinterest.fr/Voyagedelabaleine/"]}]}</script>
<!-- / Yoast SEO plugin. -->

In conformità alle disposizioni della legge n. 2004-575 del 21 giugno 2004 per la fiducia nell’economia digitale, agli utenti del sito VOYAGE DE LA BALEINE vengono fornite le informazioni sull’identità dei diversi soggetti coinvolti nella realizzazione e nella gestione del sito. Editore del sito web BIDAIA SAS – VOYAGE DE LA BALEINECapitale sociale di 3.000 [&hellip;]

Vêtements intemporels et raffinés pour bébés et enfants
